 Let z be y(-4). Let v = z + k. What is the tens digit of v?
2
Suppose 5*g + 4454 = 5*t - 12746, 5*g = -3*t + 10352. What is the thousands digit of t?
3
Suppose -b + 5 = -v + 2*v, b = 2*v - 1. Suppose -2*y = -y - 3. Suppose v*i - 47 = -y. What is the tens digit of i?
2
Suppose 158 = -2*f + 38. Let p(a) = -31*a - 4. Let v be p(-3). Let j = f + v. What is the units digit of j?
9
Let r(v) = v**2 + 36*v + 37. What is the tens digit of r(-38)?
1
Let m = 2349 + 1056. What is the hundreds digit of m?
4
Let a = -13 - -18. Suppose -63*v + 60*v + 48 = 0. Suppose a*u - u = v. What is the units digit of u?
4
Let g be 4 - ((-2)/(-3))/((-14)/2667). Let l = g + -18. What is the units digit of l?
3
What is the units digit of (-14 - 222/15)/(4/(-590))?
8
Suppose -464 - 2035 = -7*t. What is the hundreds digit of t?
3
Suppose 0 = 9*y - 75 + 30. Let r be (0 - 0)/(0 - -1). Let z = y - r. What is the units digit of z?
5
Let t be (-1)/2*8/(-4). What is the tens digit of 128 - t/((-1)/(-3))?
2
Let y = -197 + 167. Let z = 11 - 7. What is the units digit of 2/(z*(-3)/y)?
5
Suppose -9*f = -14*f + n + 6965, 5*f - 6945 = -3*n. What is the thousands digit of f?
1
Let g(k) be the second derivative of 41*k**3/6 + 3*k**2/2 + 11*k. What is the units digit of g(3)?
6
Suppose 1450 = -19*y + 20*y. What is the units digit of y?
0
Let r = 890 - 623. What is the units digit of r?
7
Suppose 18*n - 8782 - 1406 = 0. What is the tens digit of n?
6
Let i = 19 - 16. Let g be (-3)/(-3) + i/1. Suppose 4*u - l = 162, g*u + l - 68 = 98. What is the tens digit of u?
4
Let p(m) = 9*m**2 + 30*m + 58. Let o(g) = 3*g**2 + 10*g + 19. Let t(u) = 7*o(u) - 2*p(u). What is the units digit of t(-6)?
5
What is the units digit of (-4 + (-2 - 3))*(-2 - 11)?
7
Let z = -85 - -30. What is the tens digit of (3/(-9))/((-1)/(-3))*z?
5
Let l(o) = -3*o**2. Let f be ((-26)/(-12) + -2)*6. Let b be l(f). What is the tens digit of -8*b/(-24)*-14?
1
Let o be 26/(-6)*(0 - -6). Let q = 54 + o. Suppose h - 7 = q. What is the units digit of h?
5
Let h = 1381 + -142. What is the tens digit of h?
3
Let a(o) = o**3 + 5*o**2 - 16*o - 8. Let g be a(-7). Let t = g + 68. What is the units digit of t?
4
Suppose -4*j - t + 1181 = 0, 3*j + 2*t = 208 + 674. What is the tens digit of j?
9
Let w(q) = -q**2 + q + 10. Let c be w(0). Let r(b) = 14*b - 8. Let u be r(c). Suppose -5*f - 4*h = -u, h = -f - 0*h + 26. What is the tens digit of f?
2
Let f be 45/20*-2*2/(-3). Let j = 5 + 0. Suppose f*a - j = 61. What is the units digit of a?
2
Suppose -23*w = -31*w + 5696. What is the hundreds digit of w?
7
Let l(t) = 61*t**2 - 1. Suppose c - 6*c - 5 = 0. What is the tens digit of l(c)?
6
Suppose 2*r - l + 165 = -3*r, -2*l = 5*r + 165. What is the tens digit of (-3 - (r + -4))/2?
1
Suppose 3451 = -10*z + 17*z. What is the hundreds digit of z?
4
Let r be 0 + (-1 - -3)*-8. Let v = 22 - r. What is the tens digit of v?
3
Suppose -3*h + 1225 = -u - 7449, 4*h + 5*u - 11597 = 0. What is the units digit of h?
3
What is the tens digit of 154 - (9 + -5)*-2?
6
Let m = -120 - -88. Let l = 116 + m. What is the tens digit of l?
8
Suppose -a + 2*a - 4*t + 21 = 0, -5*t + 25 = 0. What is the units digit of (-1)/(a/16)*(-2)/(-4)?
8
Let t(m) = -m**3 + 13*m**2 + 2*m - 14. Let l be t(13). Let k = l + -30. Let b = -9 - k. What is the units digit of b?
9
Let q = -44 + 73. Suppose -3*l - 4*g = -36, 4*g + q + 31 = 5*l. What is the units digit of l?
2
Let r = 36 - 24. Suppose -3*g = -r, -g = i - 5*i + 140. What is the tens digit of i?
3
Suppose -8*v = 2*v - 12470. What is the tens digit of v?
4
Let r(h) = 21*h**2 + 5*h - 6. What is the units digit of r(2)?
8
Let d = -6 - -77. Let x = 38 - d. Let l = 106 + x. What is the units digit of l?
3
Let w(h) = 3 + 1 + 4*h - 3*h. Let f be w(-4). Suppose -5*z - 3*d = -141, f*d - 6 = -3*d. What is the units digit of z?
7
Suppose 2*r - 1000 - 898 = -2*b, -4772 = -5*r + 4*b. What is the units digit of r?
2
Let p = 41 + -35. What is the units digit of (p/8)/(4/272)?
1
Suppose 16 + 4 = 4*r. Suppose a - 2*a + 5 = 0. Suppose r*b - 3*f = 29 - 8, -5*b + a*f = -15. What is the units digit of b?
6
Suppose -4*n = n. Suppose l + s - 142 = n, -6*s + s + 422 = 3*l. What is the units digit of l?
4
Suppose -5*a - 2*s = -s - 21, -33 = -5*a + 2*s. Suppose m = -z - 2*m + 138, -642 = -a*z + m. What is the units digit of z?
9
Suppose -5*c + 2*t + 8 = 0, 7*t - 12 = -4*c + 3*t. Suppose w - c*i = 42, 5*i = -2*w - 11 + 122. What is the tens digit of w?
4
Let u(g) = -g**3 + 8*g**2 - 6*g - 10. Suppose 4*w = 2*w + 14. Let j be u(w). What is the units digit of 16 - (1 + -7 - j)?
9
Let w(i) = -1. Let f(a) = 253*a**2 - 2*a + 1. Let m(l) = f(l) + w(l). What is the units digit of m(-1)?
5
Let d(q) = q**3 - 16*q**2 - 8*q - 9. Let s(x) = x**3 + 3*x**2 - 3. Let g be s(2). Let a be d(g). Let b = -72 + a. What is the units digit of b?
2
Suppose 0 = 24*f - 5*f - 15010. What is the hundreds digit of f?
7
Let m(y) = -178*y - 139. What is the tens digit of m(-10)?
4
Let n = -47 - -51. Let h be -1 + (-3)/(-1) + 4. Suppose 0 = -4*w + 2*b - h, n*b = -3*w + b + 18. What is the units digit of w?
1
Let n(d) = 4*d**3 - 44*d**2 - 13*d + 35. What is the thousands digit of n(16)?
4
Let l(t) = -2*t**3 - 2*t**2 + 4*t - 7. Let y be l(-3). Let b = 331 + -191. Suppose b = -13*g + y*g. What is the tens digit of g?
3
Suppose -11*w = -3*c - 13*w + 748, 0 = -2*c - w + 497. What is the tens digit of c?
4
Let s(c) = -7*c - 15. Let x be s(-7). Suppose 2 = -w + x. What is the tens digit of (-25)/(-2) - (-16)/w?
1
Let c be (-5)/10 + 99/(-6). Let v = -10 - c. Suppose -v*s = -2*s - 55. What is the tens digit of s?
1
Let g = 1010 - 584. What is the hundreds digit of g?
4
Suppose -6*r = -11*r + 300. Let l = r - 42. What is the tens digit of l?
1
Suppose 8787 + 17624 = 7*c. What is the hundreds digit of c?
7
Let f(h) = h**3 + 6*h**2 - 6*h + 10. Let s be f(-7). Let l(c) = 2 - c**2 - 7 + 10*c - 4 - s*c. What is the units digit of l(4)?
3
Let h(g) = g**3 + 7*g**2 - g - 7. Let f be h(-7). Suppose 2*y - 91 - 93 = f. Suppose 5*b - y = b. What is the units digit of b?
3
Suppose 18*h - 10*h = 40. Suppose -3*w + 606 = w + q, 0 = h*q - 10. What is the tens digit of w?
5
Let q = -492 + 846. What is the tens digit of q?
5
Let l(t) be the first derivative of -t**4/4 - t**2/2 + t - 5. Let p(n) = -2*n**3 + 6*n**2 + n + 5. Let u(r) = -3*l(r) + p(r). What is the units digit of u(-5)?
7
Let l(t) = t**3 - t**2 - t + 1. Let z(i) = -4*i**3 + 3*i**2 + 4*i - 25. Let y(m) = -3*l(m) - z(m). What is the tens digit of y(0)?
2
Let z be 3*2/(-54)*-9. Let h be (2 + 0)*(-367 - 1). What is the tens digit of (h/(-48))/(z/3)?
4
Suppose 2*m - 17 = -x - 2*m, 4*x + 2*m = -2. Let r(j) = -66*j + 2. Let w be r(x). What is the units digit of -1 + (-11)/((-55)/w)?
9
Let q be 43*(-4)/(-8)*2. Suppose 0 = 5*l - 407 - q. What is the tens digit of l?
9
Let k = -97 + 231. What is the tens digit of k?
3
What is the hundreds digit of (-65)/(-2)*304/40?
2
Let c(d) = -4*d. Let l be c(-1). Suppose -8*a + l*a = -80. What is the units digit of (-3 - a)*(0 + -1)?
3
Let s(n) be the first derivative of n**4/4 + 7*n**3/3 + 3*n**2 + 6*n + 4. What is the tens digit of s(-5)?
2
Let c(r) = 7*r**2 - 8*r + 69. Let t be c(17). Suppose -52*p + 58*p = t. What is the tens digit of p?
2
Let j be 42/4 + 24/16. Suppose -15 = 3*n - 0*n. Let g = n + j. What is the units digit of g?
7
Let l = -5 - -8. Suppose 0 = 3*a + m - 12, l*a - 24 = 5*m - 2*m. Suppose 2*o - 52 = -o + a*i, 4*i = -o + 6. What is the units digit of o?
4
Let v be 15/45 - (-46)/6. Suppose -v*j + 709 = 93. What is the units digit of j?
7
Let a be (22*1/2)/(-1). Let j = -9 - a. What is the units digit of j/(-3)*(-54)/4?
9
Let z(o) = -o**2 + 32*o - 12. Let w be (-17 + 5 + -2)/((-6)/12). What is the tens digit of z(w)?
0
Suppose 0 = -3*r + 2427 + 2142. What is the thousands digit of r?
1
Suppose -5*n - 5*z = -2 - 3, 6 = 2*n + 4*z. Let r(w) = w**3 - 5*w**2 - 4*w + 6. Let y be r(5). Let g = n - y. What is the tens digit of g?
1
Let h(i) = 84*i - 1. Let n be h(1). Let p be -9*(-6)/135*(0 - -10). Suppose -n - 13 = -p*d. What is the tens digit of d?
2
Let a = 34 + 1. What is the units digit of (-2)/(-7) - (-305)/a?
9
Let t(c) = 76*c**2. Let k(f) = 3*f - 2. Let i be k(1). What is the tens digit of t(i)?
7
What is th